n divisor of i and r.
17
Suppose 0*l = -4*l + 24. Let d = -16 + 18. Let i be d/l*0 - -98. What is the greatest common factor of 14 and i?
14
Suppose -5*k + k = 0. Suppose k = -2*p + 28 - 4. Calculate the greatest common factor of p and 96.
12
Suppose 3*z = 25 + 95. What is the greatest common divisor of 90 and z?
10
Suppose 0 = 4*p - 3*v - v - 32, 2*v = -10. Calculate the greatest common factor of 33 and p.
3
Let x(k) = -13*k - 1. Let q be x(-2). What is the highest common divisor of 5 and q?
5
Let v(f) = -12*f - 22. Let k be v(6). Let s = 90 - k. What is the greatest common factor of s and 23?
23
Suppose 3*u - 1494 = 5*g, 0*g + 4*u = 5*g + 1497. Let j be g/(-44) - 1/(-4). Suppose -q + 49 = 14. Calculate the highest common divisor of q and j.
7
Let b(c) = -c**2 + 22*c - 19. Let g be b(19). Let k = g + -15. Calculate the greatest common factor of k and 92.
23
Let i be (-2 + 0)*(-2)/4. Suppose -g = 5*r - 81, -8*g + 4*g = 4*r - 52. What is the highest common factor of i and r?
1
Let l be (-3)/(-15) + (-64)/(-5). Suppose 25*a - 22*a - 1089 = 0. Suppose -53 = -4*v + a. What is the greatest common divisor of v and l?
13
Let c = -13 - -23. Let p(r) be the first derivative of -r**3/3 + 11*r**2/2 + 15*r + 9. Let d be p(c). What is the greatest common factor of 5 and d?
5
Let b be 90*((-1)/((-15)/(-35)))/(-1). What is the greatest common divisor of b and 945?
105
Suppose 2*r = -m + 594, 0*r - 1184 = -4*r - m. What is the greatest common factor of r and 413?
59
Let j = -26 - -32. Let w be 4/(-12) + 104/j. What is the greatest common divisor of w and 119?
17
Suppose 4*s - 81 = 83. Let p be 14/49 - (-2007)/7. What is the highest common divisor of p and s?
41
Suppose 6*p + 60 = 11*p. Let s be (-3)/((44/(-40))/11). What is the highest common divisor of s and p?
6
Let c(s) = 8*s**2 - 11*s - 27. Let v be c(-2). What is the greatest common divisor of v and 72?
9
Let g(z) = -2*z**3 - 16*z**2 - 2*z - 15. Let l be g(-8). Calculate the greatest common divisor of 4 and l.
1
Suppose 3*i + 4*d + 10 = i, i = 5*d + 16. Suppose 5*r = -5, 57 = -4*q - 2*r - 101. Let j = -38 - q. What is the highest common factor of j and i?
1
Suppose 0 = 5*p - 3*k + 8*k - 360, -292 = -4*p - 3*k. Calculate the greatest common factor of 114 and p.
38
Let z be 8 - 1 - ((4 - 0) + -1). Suppose -3*g - 4*d + 79 = -34, 0 = 2*g - z*d - 62. What is the highest common factor of g and 35?
35
Let p(b) = -b - 8. Let s be p(-9). Let k be (-1)/((14/35)/(s*-26)). Calculate the greatest common divisor of 5 and k.
5
Suppose -l + 3*l - 2 = 0. Let j = l + 2. Suppose 55 = 3*m + j*h + h, 5*m = h + 61. Calculate the greatest common factor of 143 and m.
13
Let a(t) = t**3 - 13*t**2 - 9*t - 9. Let p be a(14). Let d = p + 51. Calculate the highest common divisor of d and 14.
14
Let t be (25 - 2)*(1 + 0). Suppose -t = -l + u - 8, 0 = -l - 2*u. Calculate the highest common divisor of 10 and l.
10
Suppose 5*m = -3*r + 444, 0 = 3*m + 6*r - 10*r - 249. Calculate the greatest common factor of 203 and m.
29
Let f = 15 + -11. Let q be 4 + -4 + 26 - f. Suppose 2*v + 2*v - 220 = 0. Calculate the greatest common divisor of q and v.
11
Let k(l) = 29*l - 14 - 1 - 31*l. Suppose -v - v = 22. Let z be k(v). Calculate the greatest common factor of z and 63.
7
Let d(j) = 2*j**3 - 35*j**2 + 49*j - 5. Let a be d(16). What is the greatest common factor of a and 22?
11
Suppose -3*w + 351 = -2*m + 7*m, -w + 5*m = -117. What is the highest common factor of w and 39?
39
Let l = -575 - -633. What is the greatest common divisor of 319 and l?
29
Let t = -14 - 14. Let x = 44 + t. Calculate the greatest common divisor of 64 and x.
16
Let j be (7/(-21) + 7)*3. What is the greatest common factor of j and 20?
20
Suppose -j + 80 = 5*p, 2*p = 46*j - 47*j + 83. What is the highest common divisor of j and 17?
17
Suppose 0*r + 3*r - 93 = 0. Let c be 34 - 1/(-3 + 20/6). What is the highest common factor of c and r?
31
Let k(d) = -268*d**2 + 3*d - 5. Let t(o) = o**2 + o - 1. Let c(h) = -k(h) + 4*t(h). Let x be c(-1). What is the highest common divisor of 17 and x?
17
Let p = -403 + 425. What is the greatest common divisor of 1034 and p?
22
Let g = 399 - 249. Suppose r + 5*s = 134, 0 = -3*r + 2*r + 3*s + g. Calculate the highest common divisor of r and 18.
18
Suppose -b + 6*o = o - 284, -b - o + 308 = 0. What is the highest common factor of b and 19?
19
Let h = 15 - 12. Let n = -19 + 21. Suppose n*u - 9 + 3 = 0. What is the greatest common factor of u and h?
3
Suppose 4*n = -o + 289, -2*n = -5*o + n + 1422. What is the greatest common divisor of 15 and o?
15
Suppose 2*i + 79 = -0*i - 3*z, -3*z - 35 = i. Let j = i + 46. What is the greatest common divisor of 22 and j?
2
Suppose 20*n = 16167 + 1653. What is the greatest common divisor of 22 and n?
11
Suppose 3*x = 5*b + 7*x - 82, 5*b - 67 = x. Let k be (-4)/(-16) + 894/8. What is the highest common factor of k and b?
14
Let i(w) = w**3 - 9*w**2 + 2*w - 16. Let q be i(9). What is the highest common factor of 9 and q?
1
Let y be (-5)/((-385)/1859) - (-1)/(-7). What is the greatest common divisor of 102 and y?
6
Suppose -4*r + 14 + 14 = 0. Let i = r - 7. Suppose 2*u - 20 = -h - 2*h, -u - 2 = i. Calculate the greatest common factor of 12 and h.
4
Let m be (-5 - -10 - -14) + 1. Calculate the greatest common divisor of 16 and m.
4
Let c = -29 - -51. Suppose c*g - 26*g = -256. What is the highest common factor of g and 8?
8
Suppose 0 = -17*f + 780 - 219. What is the highest common factor of f and 594?
33
Suppose -5*n = -2*v + 6*v - 59, 0 = -2*v - n + 37. Calculate the highest common factor of v and 28.
7
Suppose -i = -16 - 4. Suppose 31*y - 15*y - 560 = 0. Calculate the highest common divisor of i and y.
5
Suppose 0 = -f - 5*d + 49, 3*f + 3*d = 93 + 102. Calculate the greatest common divisor of f and 23.
23
Suppose 0 = 2*t - 2*d, 4 = 4*d - 8. Suppose 4*u + 4*j - 256 = 0, 4*u + 77 = -t*j + 332. Calculate the greatest common divisor of 9 and u.
9
Let v be (-3 + -4 + 193)*8/3. What is the highest common factor of v and 93?
31
Suppose 0 = -5*w - 4*t - 7, 24*t - 19*t = -15. Calculate the greatest common factor of w and 46.
1
Let t be -1 - -4 - (-1232)/8. Suppose -3*u + 83 + t = 0. Let m = -39 + 55. What is the highest common factor of m and u?
16
Suppose 0 = 91*n - 94*n + 306. Calculate the highest common divisor of n and 170.
34
Let o be (-61)/(-4) + 26/(-104). Suppose -s + 55 - o = 0. Calculate the highest common factor of s and 140.
20
Suppose -n = -2, -2*n = -2*k - 4*n + 74. Calculate the highest common factor of 56 and k.
7
Let f(w) = w**2 + 15*w + 26. Let m be f(-10). Let u = 109 + m. What is the highest common divisor of u and 51?
17
Let j = 11 + -5. Suppose 5*v - 200 = -k + j*k, 0 = -4*k. What is the highest common divisor of v and 5?
5
Let p be (-225)/(-2)*26/39. What is the highest common factor of p and 60?
15
Let y = 5151 - 5124. Let n be (486/(-4))/((-2)/4). What is the greatest common divisor of n and y?
27
Let u = 583 - 58. Suppose -u - 147 = -4*p. Calculate the highest common factor of 112 and p.
56
Let v = 139 + -124. Suppose 2*b - 18 = -2*g - 6, -b = -4*g + 9. Let t be 100 + 3 - (g + -5). What is the highest common divisor of v and t?
15
Let c be 23 + -12*(-1)/(-1). Calculate the greatest common divisor of 913 and c.
11
Let i(o) = 2*o**2 - 2*o - 3. Let u be i(-2). Suppose 5*k + g = -0*k, -k + 5*g = 26. Let p = u - k. Calculate the highest common factor of 15 and p.
5
Let l = 0 + 2. Suppose 2*k - k - 8 = -m, -l*m + 6 = 4*k. Calculate the highest common factor of m and 26.
13
Let t(g) = g**2 - 12*g + 28. Let x be t(12). What is the greatest common divisor of x and 8?
4
Let m(c) be the second derivative of -c**4/12 + 7*c**3/3 - 2*c**2 - 13*c. Let f be m(8). Calculate the highest common divisor of 176 and f.
44
Suppose 5*u + n - 2591 = 931, -u + 694 = -5*n. What is the highest common factor of 22 and u?
22
Let b = 8 + 2. Let q be (90/(-105))/(2/(-14)). Let f be q/b - (-57)/5. What is the highest common divisor of 24 and f?
12
Let w = -490 + 471. Let y = 43 + -19. Let j = y + w. What is the highest common divisor of j and 5?
5
Suppose r + 168 = 15*r. What is the greatest common factor of r and 27?
3
Suppose 0*m - 4*m + 5*w = -12, 3 = m + 2*w. Calculate the highest common divisor of m and 96.
3
Let d be